{"id":3042,"date":"2021-10-29T19:25:25","date_gmt":"2021-10-29T17:25:25","guid":{"rendered":"https:\/\/www.bramat.nu\/?page_id=3042"},"modified":"2025-10-20T10:34:49","modified_gmt":"2025-10-20T08:34:49","slug":"jul-talrik","status":"publish","type":"page","link":"https:\/\/www.bramat.nu\/?page_id=3042","title":{"rendered":"Jul Tallrik"},"content":{"rendered":"\n<div class=\"wp-block-media-text alignwide is-stacked-on-mobile\"><figure class=\"wp-block-media-text__media\"><img loading=\"lazy\" decoding=\"async\" width=\"640\" height=\"503\" src=\"https:\/\/www.bramat.nu\/wp-content\/uploads\/2022\/10\/jultalrik.jpg\" alt=\"\" class=\"wp-image-3364 size-full\" srcset=\"https:\/\/www.bramat.nu\/wp-content\/uploads\/2022\/10\/jultalrik.jpg 640w, https:\/\/www.bramat.nu\/wp-content\/uploads\/2022\/10\/jultalrik-300x236.jpg 300w, https:\/\/www.bramat.nu\/wp-content\/uploads\/2022\/10\/jultalrik-382x300.jpg 382w\" sizes=\"auto, (max-width: 640px) 100vw, 640px\" \/><\/figure><div class=\"wp-block-media-text__content\">\n<p style=\"font-size:19px\">\u00d6rt &amp; vitl\u00f6kssill, senapssill, sill-potatis, \u00e4gghalvor med Skagen, matjessillsnitt, lantpat\u00e9n, cornichoner,\u00a0gravad lax, hovm\u00e4stars\u00e5s, julskinka, k\u00f6ttbullar, r\u00f6dbetssallad , prinskorv, Janssons frestelse, v\u00f6rtbr\u00f6d 285 kr\/ Talrik att ta med hem. datum f\u00f6r av h\u00e4mtning 12\/12 samt 23\/12 boka redan nu<\/p>\n<\/div><\/div>\n","protected":false},"excerpt":{"rendered":"<p>\u00d6rt &amp; vitl\u00f6kssill, senapssill, sill-potatis, \u00e4gghalvor med Skagen, matjessillsnitt, lantpat\u00e9n, cornichoner,\u00a0gravad lax, hovm\u00e4stars\u00e5s, julskinka, k\u00f6ttbullar, r\u00f6dbetssallad , prinskorv, Janssons frestelse, v\u00f6rtbr\u00f6d 285 kr\/ Talrik att ta med hem. datum f\u00f6r av h\u00e4mtning 12\/12 samt 23\/12 boka redan nu<\/p>\n","protected":false},"author":1,"featured_media":0,"parent":3029,"menu_order":0,"comment_status":"closed","ping_status":"closed","template":"","meta":{"footnotes":""},"class_list":["post-3042","page","type-page","status-publish","hentry"],"_links":{"self":[{"href":"https:\/\/www.bramat.nu\/index.php?rest_route=\/wp\/v2\/pages\/3042","targetHints":{"allow":["GET"]}}],"collection":[{"href":"https:\/\/www.bramat.nu\/index.php?rest_route=\/wp\/v2\/pages"}],"about":[{"href":"https:\/\/www.bramat.nu\/index.php?rest_route=\/wp\/v2\/types\/page"}],"author":[{"embeddable":true,"href":"https:\/\/www.bramat.nu\/index.php?rest_route=\/wp\/v2\/users\/1"}],"replies":[{"embeddable":true,"href":"https:\/\/www.bramat.nu\/index.php?rest_route=%2Fwp%2Fv2%2Fcomments&post=3042"}],"version-history":[{"count":8,"href":"https:\/\/www.bramat.nu\/index.php?rest_route=\/wp\/v2\/pages\/3042\/revisions"}],"predecessor-version":[{"id":4283,"href":"https:\/\/www.bramat.nu\/index.php?rest_route=\/wp\/v2\/pages\/3042\/revisions\/4283"}],"up":[{"embeddable":true,"href":"https:\/\/www.bramat.nu\/index.php?rest_route=\/wp\/v2\/pages\/3029"}],"wp:attachment":[{"href":"https:\/\/www.bramat.nu\/index.php?rest_route=%2Fwp%2Fv2%2Fmedia&parent=3042"}],"curies":[{"name":"wp","href":"https:\/\/api.w.org\/{rel}","templated":true}]}}